are the prime factors of g?
2, 3, 7
Let n = 564 + -441. What are the prime factors of n?
3, 41
Let o(y) = 4*y**2 + 3*y + 2. Let u be o(-2). List the prime factors of -2*2/6 - (-1268)/u.
3, 5, 7
Let q(s) = 210*s + 5. What are the prime factors of q(5)?
5, 211
Suppose -162 = -5*y - 2*m + 244, 0 = -y - 4*m + 92. What are the prime factors of y?
2, 5
Suppose -9*b - 72 = -12*b. Let i = b + -11. List the prime factors of i.
13
Suppose -21 = -2*n - 11. Suppose 0 = n*z + 2*z - 42. Let m = 38 - z. What are the prime factors of m?
2
Let x(v) = -4*v**2 - 80*v + 16. Let h(u) = -3*u**2 - 53*u + 11. Let j(c) = 7*h(c) - 5*x(c). List the prime factors of j(21).
3, 5, 11
Let l = 35 + -36. What are the prime factors of -2 + l/((-2)/46)?
3, 7
Suppose 0 = -8*j - 74 - 14. Let c = 28 - j. List the prime factors of c.
3, 13
Let y(g) = 8*g**2 - 4*g - 14. List the prime factors of y(-6).
2, 149
Let v(f) = f**3 - 8*f**2 - 9*f + 9. Let j be v(9). Let a(b) = 2*b**2 - 7*b - 15. What are the prime factors of a(j)?
2, 3, 7
List the prime factors of ((-217)/14 - -17)/(3/2662).
11
Let z(o) = 3*o + 12. Let j be z(-5). List the prime factors of (-118)/j*42/28.
59
Suppose 57*a - 40904 = 26413. List the prime factors of a.
1181
Let q be 91/(-35) + (-3)/(-5). Let k be q/(-4)*0*-1. List the prime factors of 31*(3 + k + -2).
31
Suppose -u = -2*r - r + 11, -3*r - 4*u = -31. Suppose 5*t - 3*y = -2*y - 10, -3*t - r*y - 34 = 0. What are the prime factors of 124/6 - t/9?
3, 7
Suppose -m - 4*g - 16 = 0, 5*m - 8 = m + 2*g. Suppose 0 = 4*c - k - 332, 5*k = -m*k - 20. List the prime factors of c.
2, 41
Let z(x) = 2*x**2 - x - 1 - 3*x**2 + 3*x**2 + 13*x**2. Suppose 2*o - 5*q + 0*q - 18 = 0, 2*q = 2*o - 6. List the prime factors of z(o).
3, 5
Let b(h) = h**2 - 4*h + 1. Let p be b(3). Let n(l) = -3*l + 5*l**2 - l**2 + 3*l**2 + 5*l. List the prime factors of n(p).
2, 3
Let t(q) = -q. Let o(b) = 6*b - 21. Let c(u) = o(u) + 4*t(u). Let l be c(12). List the prime factors of 11/(-33) + 175/l.
2, 29
Let w(z) = -z**2 + 19*z - 5. Let h be w(15). Suppose -4*k - h = -9*k. List the prime factors of k.
11
Let c = 1864 + 137. What are the prime factors of c?
3, 23, 29
Let y = -43 - -68. Suppose -5*o + 15 = -y. Suppose -10*t = -o*t - 90. What are the prime factors of t?
3, 5
Suppose 5*s + s - 144 = 0. Suppose p + 3*h + 11 = -7, -h = -3*p - s. What are the prime factors of (1 - p/(-3)) + 4?
2
Let f = 1118 + -961. What are the prime factors of f?
157
Suppose 1070 = 2*n - 3*m, -2*m + 1070 = 2*n - m. List the prime factors of n.
5, 107
Suppose 2*z = 3*v + 911, -4*v - 765 = -5*z + 1523. List the prime factors of z.
2, 5, 23
Suppose 27940 = 6*v - v - 5*g, 2*v - g - 11175 = 0. What are the prime factors of v?
37, 151
Let x(g) = -2*g**2 + 4*g - 4. Let o(s) = 128*s - 4 - 2*s**2 + 0*s**2 - 123*s. Let c(p) = 5*o(p) - 6*x(p). List the prime factors of c(-2).
2, 5
Suppose 4*v + 12*k - 17*k = 3939, 15 = 3*k. List the prime factors of v.
991
Let p = 1725 - 876. What are the prime factors of p?
3, 283
Let y(k) = k**3 - 12*k**2 - 14*k + 10. Let s be y(13). Let t be 2 + (11 + s - -1). Suppose 5 = -5*i + 4*q - 0, -2*i + t = q. What are the prime factors of i?
3
Let o = 813 - 436. What are the prime factors of o?
13, 29
Let r be -2*3*10715/(-30). Suppose -10*b = 793 - r. What are the prime factors of b?
3, 5
Let w = -136 + 52. Let p = 118 + w. Suppose 0 = -u + 26 + p. What are the prime factors of u?
2, 3, 5
What are the prime factors of 21/(-28) + (0 - 822/(-8))?
2, 3, 17
Let v(g) = -g**2 + 37*g + 22. What are the prime factors of v(27)?
2, 73
Let x = 88 - -1319. Suppose 0 = -3*g + 3822 + x. List the prime factors of (-4)/26 + g/91.
19
Suppose -2*i + 27 = i. Let m(p) = -p**3 + 8*p**2 + 9*p + 7. Let l be m(i). Suppose -4*b = -l*b + 30. What are the prime factors of b?
2, 5
Suppose -2*w - 5*f = -1137, 4*f - 3598 = -4*w - 1294. What are the prime factors of w?
7, 83
Let c = 363 + -44. Suppose -4*d - 55 = -c. List the prime factors of d.
2, 3, 11
List the prime factors of -7 + (4 - (2 + -479)).
2, 3, 79
Suppose -55*d + 54*d = 0. Let h = 22 + d. What are the prime factors of h?
2, 11
Let r(z) = -z**3 - 6*z**2 + 6*z. Suppose 0 = -0*y - 5*y - 40. Let v be r(y). Let i = 138 - v. What are the prime factors of i?
2, 29
Let n = -1116 - -3115. What are the prime factors of n?
1999
Let o be ((-42)/15)/((-1)/(-5)). Let b = o + 33. Let g = b - 6. What are the prime factors of g?
13
Suppose -4*a = 19 - 3. Let v(w) = w**2 + 2*w + 1. Let l be v(a). Suppose -l = -2*y + 49. What are the prime factors of y?
29
Let m be (-133)/9 - (-4)/(-18). Let t be (m/(-6))/(5/10). Suppose 0 = 5*u - t*j - 275, 2*u + j = 4*j + 115. List the prime factors of u.
2, 5
Let i be 6/(-15) - (-304)/10. Let l be 174/i - 1/(-5). Suppose -l*d + 9*d = 66. List the prime factors of d.
2, 11
Suppose -2*q + 5*j = 2*q - 37, 5*q - 37 = -3*j. Suppose 8*a - q = 6*a. Suppose 2*s + a*u = u + 99, 194 = 4*s + 2*u. List the prime factors of s.
2, 3
Let k(m) = 20*m - 258. What are the prime factors of k(38)?
2, 251
Suppose 5*h - 208 = -4*u, -h - h - u + 82 = 0. Suppose -2*l + 160 = 2*j + h, -3*l = -3*j - 168. Let w = l + -11. List the prime factors of w.
47
Let l = 16 + -9. Let z(p) = p - 2. Let h be z(l). Suppose 225 = h*x - k, 264 = 5*x - 3*k + 29. List the prime factors of x.
2, 11
Suppose 8*d = 170 + 70. Let v = d + -27. Suppose y + 8*a - 23 = 3*a, v*a = 4*y - 138. List the prime factors of y.
3, 11
List the prime factors of -3 + -2 - (-3 - -6)*-25.
2, 5, 7
Let p(i) = 2*i**3 - i**2 - 56*i - 1. List the prime factors of p(7).
2, 61
Suppose w + 105 = 4*w. What are the prime factors of 4/14 - (-830)/w?
2, 3
Let l(g) = 41*g - 158. What are the prime factors of l(33)?
5, 239
Suppose -3794 = -44*y + 53890. List the prime factors of y.
3, 19, 23
What are the prime factors of (78/10 - -5)/(1/120)?
2, 3
Let i(s) = s**3 - 42*s**2 + 283*s - 14. What are the prime factors of i(36)?
2, 11, 109
Let u(g) be the second derivative of g**3/2 - 5*g**2 + 7*g. Let t be u(4). Suppose 0 = 5*w - t*y - 201, 2*w + w + y = 114. What are the prime factors of w?
3, 13
Suppose 746*m - 736*m = 13730. What are the prime factors of m?
1373
Suppose 683 + 437 = 2*g. What are the prime factors of g?
2, 5, 7
Let l be -7*2*(-3)/6. Let k(x) = 21*x + 2. What are the prime factors of k(l)?
149
Let f = 20 - 13. Suppose 0 = f*o - 5*o - 92. Suppose -5*p + 7*p - o = 0. List the prime factors of p.
23
Let d(a) = 6*a**3 - 7*a**2 - 3*a - 3. Let g = -4 - 1. Let r(l) = 5*l**3 - 7*l**2 - 3*l - 4. Let j(z) = g*r(z) + 4*d(z). What are the prime factors of j(7)?
29
Let r be 0*(-1 + 0 - 0). Suppose -4*t - 3*g = -131, 2*t + 0*t + 4*g - 78 = r. Let i = t + 26. List the prime factors of i.
5, 11
Let l(u) = -u**3 + 3*u**2 + 3*u. Let r(q) = -q**2 - q + 7. Let w be r(-3). Suppose -2*v - w + 7 = 0. List the prime factors of l(v).
3
Let u(d) = 16*d**2 + 5*d + 1. Let y = 36 + -38. List the prime factors of u(y).
5, 11
Let d(y) = y**3 + 7*y**2 + 7*y + 8. Let a be d(-6). Suppose -5*b - 3*v = -6*v - 286, -116 = -2*b + a*v. What are the prime factors of b?
2, 7
Let m(c) = 3*c**3 + 10*c**2 - 7*c + 13. Let q(y) = -y**3 - y**2 + 1. Let z(l) = m(l) + 2*q(l). List the prime factors of z(-7).
113
Suppose 34*a - 24*a + 8566 = 4*z, 0 = z + 4*a - 2122. List the prime factors of z.
2, 11, 97
Suppose -c = -36 - 17. Let a = c - -40. List the prime factors of a.
3, 31
Let t be (-3 + 4)*-109 + 1. Let s = -44 - t. List the prime factors of s.
2
Let t = 18 - 6. Let y be ((-57)/t)/(5/20). Let x = -5 - y. List the prime factors of x.
2, 7
Let g(r) = 16*r**2 + r - 25. List the prime factors of g(-7).
2, 47
Let y(n) = 3*n**2 + 29*n - 91. List the prime factors of y(18).
23, 61
What are the prime factors of 2/10*4 - (-22506)/155?
2, 73
What are the prime factors of (285/2)/(12/32)?
2, 5, 19
Suppose 5 = n, 0 = 2*j + 2*j + 2*n - 50. Suppose 0*x - j = -2*x. What are the prime factors of x?
5
Let m(w) = 79*w - 4. Let i be m(-2). Let j = i - -405. What are the prime factors of j?
3
Suppose 12*b - 301 = 2471. What are the prime factors of b?
3, 7, 11
Let u be (-1)/4 + 105/20. Suppose 99 = u*p + 54. What are the prime factors of p?
3
Let c be 8 + 0/(6/(-3)). Let t = c + 5. List the prime factors of t.
13
Let k = 81 - -547. What are the prime factors of k?
2, 157
Let b(w) =